ime factors of 20 - ((-1 - -4) + -2).
19
Let x(u) be the first derivative of 9*u**2/2 - 2*u + 1. List the prime factors of x(2).
2
Suppose 0 = 4*i - 6 - 14. Suppose 37 - i = b. List the prime factors of b.
2
Let a = -13 + 8. Let r(b) be the third derivative of b**5/60 + b**4/4 + 7*b**3/6 + b**2. List the prime factors of r(a).
2
Suppose -h - 4*h = 2*a - 84, 2*a - 66 = -4*h. Let z = h + 0. List the prime factors of z.
2, 3
What are the prime factors of 62/4 - (-2)/4?
2
Let s = 6 - 4. Suppose 3*d - 9 = -2*l, -s*l + 6*d - 3*d = -3. What are the prime factors of l?
3
Let o(u) = -u**3 + 12*u**2 - 10*u - 9. Let q be o(11). List the prime factors of -26*1*q/(-4).
13
Let m(s) be the first derivative of 11*s**4/4 - s**3/3 + s**2/2 + 2. What are the prime factors of m(1)?
11
Let j(p) = -3 - 2 - 1 - 3 - 2*p. Let t be j(-6). Let g = t - 1. List the prime factors of g.
2
Suppose 0 = -4*y + 69 + 39. What are the prime factors of y?
3
What are the prime factors of ((-3 - -183)/(-2))/(-2)?
3, 5
Suppose -3*r + 16 = -29. Let b = r + -8. List the prime factors of b.
7
Let f be 0 + (-2)/((-4)/6). Let d(a) = a**3 + a**2 + 4*a + 1. List the prime factors of d(f).
7
Let g(p) = 2 - 2*p + 0*p**2 + 2*p**2 + 1 - 5. List the prime factors of g(2).
2
Suppose u + u = 5*r + 10, u - 2 = r. Suppose -a - 3 = -3*w, u*a + a + 5 = 4*w. List the prime factors of 16 - (1 + (w - 3)).
2
Suppose 31*p - 36*p + 1505 = 0. List the prime factors of p.
7, 43
Let n be 5/(-3) - (-12)/18. Let s = n + 5. Suppose -5*i - 12 = -s*p + 22, p - i = 9. List the prime factors of p.
11
Let x = -10 - -8. What are the prime factors of x/11 - 748/(-121)?
2, 3
Let j = -568 + 364. List the prime factors of 3/(-2)*j/9.
2, 17
Suppose j - 4*j + 4*q - 3 = 0, 2*j - 4*q + 6 = 0. Suppose -j*n + 1 = -44. List the prime factors of n.
3, 5
Suppose -4*f - 48 = 64. What are the prime factors of f/(-1 - 0) + -3?
5
Let m = 17 + -24. Let h(z) = z**3 + 6*z**2 - 9*z + 1. List the prime factors of h(m).
3, 5
Let z(b) = b + 4. What are the prime factors of z(7)?
11
Let x(c) = -c**3 - 7*c**2 - 5*c - 5. Let d(w) = 3*w**2 + 2*w + 2. Let n(q) = 7*d(q) + 3*x(q). List the prime factors of n(-2).
5
What are the prime factors of (-60)/(-8)*4/2?
3, 5
Let a(x) = x**3 + 6*x**2 + 7*x + 6. Let f be a(-4). Let l be 8/(-12) + f/6. What are the prime factors of (l - 10/6)*-12?
2
Let w(g) = 8 - 1 + 11 + 8*g + g**2. What are the prime factors of w(-8)?
2, 3
List the prime factors of 1/(4/(-8)) - -22.
2, 5
Suppose -m + 2*l + 2 + 13 = 0, -2*m + 3*l + 30 = 0. Let y = -5 + m. List the prime factors of y.
2, 5
Let j(n) be the third derivative of n**6/120 + n**5/12 - n**4/8 - n**3/2 + n**2. Let u = -90 + 85. What are the prime factors of j(u)?
2, 3
Let x = -32 + 65. List the prime factors of x.
3, 11
Suppose 3*b + 4*o = -5, 6*o = 3*o - 15. Suppose -2*h = -b*k - 9, -3*k = 3*h + k - 71. What are the prime factors of h?
17
List the prime factors of (69/6*-16)/(-2).
2, 23
Suppose -4*m - s = -2*s - 13, -s = 4*m - 3. List the prime factors of (-98)/(-4) - m/4.
2, 3
Let m(l) = -l + 5. Let b be m(5). Suppose -4*a + 3*i + 32 + 22 = b, -5*i + 40 = 2*a. What are the prime factors of a?
3, 5
Suppose j = -3*w - 3*j + 8, -2 = -3*w - j. Suppose -4*z + 30 = -2*s, 2*z - s - 4*s - 19 = w. Let d = 12 - z. List the prime factors of d.
5
Let m = 3 + -1. Suppose -2 + 8 = m*k. Suppose i - 3*i + k*a = -18, 0 = i - 2*a - 11. What are the prime factors of i?
3
Let z(u) = 26*u - 2. List the prime factors of z(4).
2, 3, 17
Let d be (2 - -1 - -1) + 0. Let p be 3*d*4/12. Suppose -p*g - 7 = -47. List the prime factors of g.
2, 5
Let z = 18 - -32. Suppose 5*j + 3*a = -0*a + 75, -5*j + 2*a = -z. What are the prime factors of j?
2, 3
Let n(c) be the second derivative of -3*c**5/4 - c**3/3 - c**2/2 + c. Let l be n(-1). What are the prime factors of ((-28)/l)/((-2)/8)?
7
Let b(g) = -2*g + g - 4*g + 4*g. Let q be b(8). Let h = q + 14. What are the prime factors of h?
2, 3
Let o(m) = m. Let s be o(0). Suppose 5*v = -3*j - s*v + 53, 0 = 2*j - 4*v - 50. What are the prime factors of j?
3, 7
Suppose 36 = -0*j + 4*j - 2*k, 26 = 2*j + 3*k. List the prime factors of j.
2, 5
Suppose -2*b + 4 + 0 = 2*y, -5*y = -2*b - 31. Let v(l) = -2 + 2*l**2 + 3 + 2*l**2 + l**3 - 3*l + y*l. What are the prime factors of v(-3)?
2
Let d be (-8)/(-5) - 4/(-10). Suppose -2*s = 2*q - 2, -5*q + 3*s + d*s + 15 = 0. Suppose 0 = 3*c - c - 10, 5*c = q*z + 3. List the prime factors of z.
11
Let y be (4 - 9/1)*(-1 - -3). Let l = 149 + -217. What are the prime factors of l/y - (-1)/5?
7
Let r(h) = -2*h**3 + 12*h**2 + 14*h - 5. Let w(d) = d**3 - 6*d**2 - 7*d + 3. Let z(l) = 6*r(l) + 11*w(l). List the prime factors of z(7).
3
List the prime factors of ((-32)/5)/((-3)/15).
2
Let b(h) be the first derivative of -h**4/4 - 2*h**3 - 2*h**2 + 3*h + 1. Let c be b(-5). List the prime factors of 3*(c + (-13)/(-3)).
7
Let z(l) = 8 + l**2 + 0*l - 4*l - 2*l. What are the prime factors of z(6)?
2
Let x = 38 + 50. List the prime factors of x.
2, 11
Suppose 4*m + 4 - 24 = 0. Suppose z = m*z - 40. List the prime factors of z.
2, 5
Let o(t) = -8*t**2 + 2*t + 6. Let r(x) = 7*x**2 - x - 5. Let v(i) = 6*o(i) + 7*r(i). List the prime factors of v(4).
37
Let u(k) = k**3 - 3*k**2 - 2*k + 2. Let n be u(4). Suppose 8 = -3*w - j + 5*j, w + 5*j - n = 0. Suppose w = 5*a - 2*a - 27. List the prime factors of a.
3
Let u be (0 + -2)*(4 + 5). Suppose -z = -3*v + 16 + 19, -v = -5. What are the prime factors of u/4*z/6?
3, 5
Let b be (-1 - -3)/((-10)/(-25)). Let p(y) = -4*y**2 - 3 + y**3 - b*y**2 - 8*y + 9*y. What are the prime factors of p(9)?
2, 3
Let w(o) = -o**3 + o**2 + o + 5. Let h be w(0). Suppose -10 = -l - h*t + 3*t, -5*t + 18 = -l. Suppose -3*m = -l*m - 9. What are the prime factors of m?
3
Suppose 3*v + 2 = 3*r - 5*r, 0 = -2*v - 5*r - 5. Suppose v = -5*o + 3*y - 28 + 78, 4*y = -4*o + 8. Suppose -2*a + o = -13. What are the prime factors of a?
2, 5
Suppose -172 = -207*q + 205*q. List the prime factors of q.
2, 43
Let u be (24/(-15))/((-2)/5). Suppose -5*q - 30 = -5*x, -5 = u*x - 3*q - 25. Suppose 2*s = -5*n + 75, -n = -x*n + 3*s - 2. What are the prime factors of n?
13
List the prime factors of (-4 - -4) + (0 - -31).
31
Let u(m) = m**3 - 3*m + 3. Let y be u(2). Let p = 2 - 0. Suppose -p*k + k = -y. List the prime factors of k.
5
Let z be (-2)/1 + 0/4. Let d = 12 - 21. Let x = z - d. List the prime factors of x.
7
Let n be (-3 - -3)*2/4. Let u(k) = k**3 - k**2. Let p be u(n). Suppose p*c - 18 = -2*c. List the prime factors of c.
3
Let s = 243 - 119. What are the prime factors of s?
2, 31
Suppose 2*c + k - 3*k = -16, 2*c = -2*k - 28. Let i(u) = u**3 + 11*u**2 + 10. List the prime factors of i(c).
2, 5
Let j be 8/(-5)*150/(-12). Suppose -5*b + 4*p + 34 + j = 0, -2*p = 2. List the prime factors of b.
2, 5
Let l(c) = c**3 - 3*c**2 - 6*c - 5. Let w be l(6). Suppose -2*z = 4*g - z - w, 0 = -5*g + 2*z + 74. What are the prime factors of g?
2
Suppose -4*m + 112 = -128. What are the prime factors of 0 + 0 + m/6?
2, 5
Let n(u) = 1 - 3*u**2 + 2 + 2*u**2 + 2*u. Let d be n(-3). What are the prime factors of (2/4)/((-2)/d)?
3
Let l be 3 - 7/((-21)/6). Let o = 37 - 2. Suppose -f = f + 4*g - 32, 0 = -l*f + 5*g + o. List the prime factors of f.
2, 5
Let d = 3 + -6. Let h(f) = -2*f**2 - 8. Let n(y) = -y + 1. Let s(a) = -h(a) - 5*n(a). List the prime factors of s(d).
2, 3
Let b(p) = -p**3 - 7*p**2 + 5*p - 3. Let m be b(-8). Suppose -2*y = -m - 33. What are the prime factors of y?
3
Let u(t) = t**2 - 5*t - 21. What are the prime factors of u(-8)?
83
Let d be -4 + 1 - (-5 + 0). Let l(u) = 2*u**3 - u**2 - 2*u. What are the prime factors of l(d)?
2
Let o be 4/10 + 108/30. Suppose 0*x = -o*x + 12. Let r(y) = 2*y**3 - 4*y**2. What are the prime factors of r(x)?
2, 3
Let k(c) be the third derivative of c**5/30 - 5*c**4/8 + c**3 - 7*c**2. What are the prime factors of k(10)?
2, 7
Let q(x) = 4*x - 2. What are the prime factors of q(5)?
2, 3
Let h = -2 - 2. Let a be -1 + h*1/(-2). What are the prime factors of 2/1 - (-4 + a)?
5
Suppose 3*f - n + 5*n + 6 = 0, 0 = 5*f - 5*n - 25. List the prime factors of f.
2
Suppose 195 = -2*y + 5*y. List the prime factors of y.
5, 13
Let l(u) = -u**2 + 11*u - 7. Let v = 10 - 16. Let k be (2 - -1)/((-2)/v). List the prime factors of l(k).